{"id":7882,"date":"2026-08-14T11:44:45","date_gmt":"2026-08-14T09:44:45","guid":{"rendered":"https:\/\/terresfestival.com\/?post_type=mec-events&#038;p=7882"},"modified":"2026-08-17T11:22:34","modified_gmt":"2026-08-17T09:22:34","slug":"adictas-a-ibiza-129-632-554-661","status":"publish","type":"mec-events","link":"https:\/\/terresfestival.com\/es\/events\/adictas-a-ibiza-129-632-554-661\/","title":{"rendered":"Proyecci\u00f3n Documental \u00b7 Aventuras, Rutas y Expediciones \u00abEVEREST 1985: The First Catalans to Reach the Summit\u00bb"},"content":{"rendered":"<p data-start=\"1531\" data-end=\"1617\"><strong data-start=\"823\" data-end=\"887\">\u00abEVEREST 1985: The First Catalans to Reach the Summit\u00bb (35\u2019)<\/strong> es el documental finalista de la <strong data-start=\"921\" data-end=\"978\">Competici\u00f3n Oficial \u00b7 Aventuras, Rutas y Expediciones<\/strong> que recupera la historia de los primeros alpinistas catalanes que alcanzaron la cima del Everest en <strong data-start=\"1079\" data-end=\"1087\">1985<\/strong>. Cuarenta a\u00f1os despu\u00e9s, los protagonistas de aquella expedici\u00f3n se re\u00fanen para recordar aquella aventura, compartir las experiencias vividas y revivir la pasi\u00f3n por la monta\u00f1a que todav\u00eda les une. Una historia de <strong data-start=\"1301\" data-end=\"1338\">aventura, perseverancia y amistad<\/strong> que pone en valor el legado de aquella haza\u00f1a para las generaciones posteriores de alpinistas.<\/p>\n<p data-start=\"1950\" data-end=\"2268\">Dirigido por <strong data-start=\"1963\" data-end=\"1982\">Joel Badia Vila<\/strong>, el documental recupera este hito hist\u00f3rico desde una mirada especialmente humana. M\u00e1s all\u00e1 del logro deportivo, la pel\u00edcula pone el foco en <strong data-start=\"2124\" data-end=\"2195\">la amistad, la perseverancia, el respeto y la pasi\u00f3n por la monta\u00f1a<\/strong> como elementos esenciales para afrontar una expedici\u00f3n de esta magnitud.<\/p>\n<p data-start=\"2270\" data-end=\"2628\">El film tambi\u00e9n permite comprender el desaf\u00edo que supon\u00eda escalar el Everest hace cuatro d\u00e9cadas, con los medios y recursos disponibles en aquel momento, y acercarnos a la \u00e9tica y los valores de sus protagonistas. Una historia sobre una generaci\u00f3n de alpinistas, pero tambi\u00e9n sobre el <strong data-start=\"2555\" data-end=\"2627\">legado que aquella expedici\u00f3n dej\u00f3 para las generaciones posteriores<\/strong>.<\/p>\n<p data-start=\"2630\" data-end=\"2661\"><strong data-start=\"2630\" data-end=\"2644\">Direcci\u00f3n:<\/strong> Joel Badia Vila.<\/p>\n<p data-start=\"2663\" data-end=\"2686\"><strong data-start=\"2663\" data-end=\"2686\">Actividad gratuita.<\/strong><\/p>","protected":false},"excerpt":{"rendered":"<p>\u00abEVEREST 1985: The First Catalans to Reach the Summit\u00bb (35\u2019) es el documental finalista de la Competici\u00f3n Oficial \u00b7 Aventuras, Rutas y Expediciones que recupera la historia de los primeros alpinistas catalanes que alcanzaron la cima del Everest en 1985. Cuarenta a\u00f1os despu\u00e9s, los protagonistas de aquella expedici\u00f3n se re\u00fanen para recordar aquella aventura, compartir [&#8230;]\n","protected":false},"author":2,"featured_media":7804,"comment_status":"closed","ping_status":"closed","template":"","tags":[],"mec_category":[62],"class_list":["post-7882","mec-events","type-mec-events","status-publish","has-post-thumbnail","hentry","mec_category-festival"],"yoast_head":"<!-- This site is optimized with the Yoast SEO plugin v27.0 - https:\/\/yoast.com\/product\/yoast-seo-wordpress\/ -->\n<title>Proyecci\u00f3n Documental \u00b7 Aventuras, Rutas y Expediciones \u00abEVEREST 1985: The First Catalans to Reach the Summit\u00bb | Terres Festival<\/title>\n<meta name=\"robots\" content=\"index, follow, max-snippet:-1, max-image-preview:large, max-video-preview:-1\" \/>\n<link rel=\"canonical\" href=\"https:\/\/terresfestival.com\/es\/events\/adictas-a-ibiza-129-632-554-661\/\" \/>\n<meta property=\"og:locale\" content=\"es_ES\" \/>\n<meta property=\"og:type\" content=\"article\" \/>\n<meta property=\"og:title\" content=\"Proyecci\u00f3n Documental \u00b7 Aventuras, Rutas y Expediciones \u00abEVEREST 1985: The First Catalans to Reach the Summit\u00bb | Terres Festival\" \/>\n<meta property=\"og:description\" content=\"\u00abEVEREST 1985: The First Catalans to Reach the Summit\u00bb (35\u2019) es el documental finalista de la Competici\u00f3n Oficial \u00b7 Aventuras, Rutas y Expediciones que recupera la historia de los primeros alpinistas catalanes que alcanzaron la cima del Everest en 1985. Cuarenta a\u00f1os despu\u00e9s, los protagonistas de aquella expedici\u00f3n se re\u00fanen para recordar aquella aventura, compartir [...]\" \/>\n<meta property=\"og:url\" content=\"https:\/\/terresfestival.com\/es\/events\/adictas-a-ibiza-129-632-554-661\/\" \/>\n<meta property=\"og:site_name\" content=\"Terres Festival\" \/>\n<meta property=\"article:modified_time\" content=\"2026-08-17T09:22:34+00:00\" \/>\n<meta property=\"og:image\" content=\"https:\/\/terresfestival.com\/wp-content\/uploads\/sites\/3\/2026\/08\/20260915_1_Documental_1.jpg\" \/>\n\t<meta property=\"og:image:width\" content=\"960\" \/>\n\t<meta property=\"og:image:height\" content=\"1200\" \/>\n\t<meta property=\"og:image:type\" content=\"image\/jpeg\" \/>\n<meta name=\"twitter:card\" content=\"summary_large_image\" \/>\n<meta name=\"twitter:label1\" content=\"Tiempo de lectura\" \/>\n\t<meta name=\"twitter:data1\" content=\"2 minutos\" \/>\n<script type=\"application\/ld+json\" class=\"yoast-schema-graph\">{\"@context\":\"https:\/\/schema.org\",\"@graph\":[{\"@type\":\"WebPage\",\"@id\":\"https:\/\/terresfestival.com\/es\/events\/adictas-a-ibiza-129-632-554-661\/\",\"url\":\"https:\/\/terresfestival.com\/es\/events\/adictas-a-ibiza-129-632-554-661\/\",\"name\":\"Proyecci\u00f3n Documental \u00b7 Aventuras, Rutas y Expediciones \u00abEVEREST 1985: The First Catalans to Reach the Summit\u00bb | Terres Festival\",\"isPartOf\":{\"@id\":\"https:\/\/terresfestival.com\/es\/#website\"},\"primaryImageOfPage\":{\"@id\":\"https:\/\/terresfestival.com\/es\/events\/adictas-a-ibiza-129-632-554-661\/#primaryimage\"},\"image\":{\"@id\":\"https:\/\/terresfestival.com\/events\/adictas-a-ibiza-129-632-554-661\/#primaryimage\"},\"thumbnailUrl\":\"https:\/\/terresfestival.com\/wp-content\/uploads\/sites\/3\/2026\/08\/20260915_1_Documental_1.jpg\",\"datePublished\":\"2026-08-14T09:44:45+00:00\",\"dateModified\":\"2026-08-17T09:22:34+00:00\",\"breadcrumb\":{\"@id\":\"https:\/\/terresfestival.com\/es\/events\/adictas-a-ibiza-129-632-554-661\/#breadcrumb\"},\"inLanguage\":\"es\",\"potentialAction\":[{\"@type\":\"ReadAction\",\"target\":[[\"https:\/\/terresfestival.com\/es\/events\/adictas-a-ibiza-129-632-554-661\/\"]]}]},{\"@type\":\"ImageObject\",\"inLanguage\":\"es\",\"@id\":\"https:\/\/terresfestival.com\/es\/events\/adictas-a-ibiza-129-632-554-661\/#primaryimage\",\"url\":\"https:\/\/terresfestival.com\/wp-content\/uploads\/sites\/3\/2026\/08\/20260915_1_Documental_1.jpg\",\"contentUrl\":\"https:\/\/terresfestival.com\/wp-content\/uploads\/sites\/3\/2026\/08\/20260915_1_Documental_1.jpg\",\"width\":960,\"height\":1200},{\"@type\":\"BreadcrumbList\",\"@id\":\"https:\/\/terresfestival.com\/es\/events\/adictas-a-ibiza-129-632-554-661\/#breadcrumb\",\"itemListElement\":[{\"@type\":\"ListItem\",\"position\":1,\"name\":\"Portada\",\"item\":\"https:\/\/terresfestival.com\/es\/\"},{\"@type\":\"ListItem\",\"position\":2,\"name\":\"Events\",\"item\":\"https:\/\/terresfestival.com\/es\/events\/\"},{\"@type\":\"ListItem\",\"position\":3,\"name\":\"Projecci\u00f3 documental Aventures, Rutes i Expeditions \u00abEVEREST 1985: The First Catalans to Reach the Summit\u00bb\"}]},{\"@type\":\"WebSite\",\"@id\":\"https:\/\/terresfestival.com\/es\/#website\",\"url\":\"https:\/\/terresfestival.com\/es\/\",\"name\":\"Terres Festival\",\"description\":\"TERRES TRAVEL FESTIVAL - FILMS &amp; CREATIVITY\",\"publisher\":{\"@id\":\"https:\/\/terresfestival.com\/es\/#organization\"},\"potentialAction\":[{\"@type\":\"SearchAction\",\"target\":{\"@type\":\"EntryPoint\",\"urlTemplate\":\"https:\/\/terresfestival.com\/es\/?s={search_term_string}\"},\"query-input\":{\"@type\":\"PropertyValueSpecification\",\"valueRequired\":true,\"valueName\":\"search_term_string\"}}],\"inLanguage\":\"es\"},{\"@type\":\"Organization\",\"@id\":\"https:\/\/terresfestival.com\/es\/#organization\",\"name\":\"Terres Festival\",\"url\":\"https:\/\/terresfestival.com\/es\/\",\"logo\":{\"@type\":\"ImageObject\",\"inLanguage\":\"es\",\"@id\":\"https:\/\/terresfestival.com\/es\/#\/schema\/logo\/image\/\",\"url\":\"https:\/\/terresfestival.com\/wp-content\/uploads\/sites\/3\/2019\/04\/Logo_Terres.png\",\"contentUrl\":\"https:\/\/terresfestival.com\/wp-content\/uploads\/sites\/3\/2019\/04\/Logo_Terres.png\",\"width\":1157,\"height\":542,\"caption\":\"Terres Festival\"},\"image\":{\"@id\":\"https:\/\/terresfestival.com\/es\/#\/schema\/logo\/image\/\"}}]}<\/script>\n<!-- \/ Yoast SEO plugin. -->","yoast_head_json":{"title":"Proyecci\u00f3n Documental \u00b7 Aventuras, Rutas y Expediciones \u00abEVEREST 1985: The First Catalans to Reach the Summit\u00bb | Terres Festival","robots":{"index":"index","follow":"follow","max-snippet":"max-snippet:-1","max-image-preview":"max-image-preview:large","max-video-preview":"max-video-preview:-1"},"canonical":"https:\/\/terresfestival.com\/es\/events\/adictas-a-ibiza-129-632-554-661\/","og_locale":"es_ES","og_type":"article","og_title":"Proyecci\u00f3n Documental \u00b7 Aventuras, Rutas y Expediciones \u00abEVEREST 1985: The First Catalans to Reach the Summit\u00bb | Terres Festival","og_description":"\u00abEVEREST 1985: The First Catalans to Reach the Summit\u00bb (35\u2019) es el documental finalista de la Competici\u00f3n Oficial \u00b7 Aventuras, Rutas y Expediciones que recupera la historia de los primeros alpinistas catalanes que alcanzaron la cima del Everest en 1985. Cuarenta a\u00f1os despu\u00e9s, los protagonistas de aquella expedici\u00f3n se re\u00fanen para recordar aquella aventura, compartir [...]","og_url":"https:\/\/terresfestival.com\/es\/events\/adictas-a-ibiza-129-632-554-661\/","og_site_name":"Terres Festival","article_modified_time":"2026-08-17T09:22:34+00:00","og_image":[{"width":960,"height":1200,"url":"https:\/\/terresfestival.com\/wp-content\/uploads\/sites\/3\/2026\/08\/20260915_1_Documental_1.jpg","type":"image\/jpeg"}],"twitter_card":"summary_large_image","twitter_misc":{"Tiempo de lectura":"2 minutos"},"schema":{"@context":"https:\/\/schema.org","@graph":[{"@type":"WebPage","@id":"https:\/\/terresfestival.com\/es\/events\/adictas-a-ibiza-129-632-554-661\/","url":"https:\/\/terresfestival.com\/es\/events\/adictas-a-ibiza-129-632-554-661\/","name":"Proyecci\u00f3n Documental \u00b7 Aventuras, Rutas y Expediciones \u00abEVEREST 1985: The First Catalans to Reach the Summit\u00bb | Terres Festival","isPartOf":{"@id":"https:\/\/terresfestival.com\/es\/#website"},"primaryImageOfPage":{"@id":"https:\/\/terresfestival.com\/es\/events\/adictas-a-ibiza-129-632-554-661\/#primaryimage"},"image":{"@id":"https:\/\/terresfestival.com\/events\/adictas-a-ibiza-129-632-554-661\/#primaryimage"},"thumbnailUrl":"https:\/\/terresfestival.com\/wp-content\/uploads\/sites\/3\/2026\/08\/20260915_1_Documental_1.jpg","datePublished":"2026-08-14T09:44:45+00:00","dateModified":"2026-08-17T09:22:34+00:00","breadcrumb":{"@id":"https:\/\/terresfestival.com\/es\/events\/adictas-a-ibiza-129-632-554-661\/#breadcrumb"},"inLanguage":"es","potentialAction":[{"@type":"ReadAction","target":[["https:\/\/terresfestival.com\/es\/events\/adictas-a-ibiza-129-632-554-661\/"]]}]},{"@type":"ImageObject","inLanguage":"es","@id":"https:\/\/terresfestival.com\/es\/events\/adictas-a-ibiza-129-632-554-661\/#primaryimage","url":"https:\/\/terresfestival.com\/wp-content\/uploads\/sites\/3\/2026\/08\/20260915_1_Documental_1.jpg","contentUrl":"https:\/\/terresfestival.com\/wp-content\/uploads\/sites\/3\/2026\/08\/20260915_1_Documental_1.jpg","width":960,"height":1200},{"@type":"BreadcrumbList","@id":"https:\/\/terresfestival.com\/es\/events\/adictas-a-ibiza-129-632-554-661\/#breadcrumb","itemListElement":[{"@type":"ListItem","position":1,"name":"Portada","item":"https:\/\/terresfestival.com\/es\/"},{"@type":"ListItem","position":2,"name":"Events","item":"https:\/\/terresfestival.com\/es\/events\/"},{"@type":"ListItem","position":3,"name":"Projecci\u00f3 documental Aventures, Rutes i Expeditions \u00abEVEREST 1985: The First Catalans to Reach the Summit\u00bb"}]},{"@type":"WebSite","@id":"https:\/\/terresfestival.com\/es\/#website","url":"https:\/\/terresfestival.com\/es\/","name":"Terres Festival","description":"TERRES TRAVEL FESTIVAL - FILMS &amp; CREATIVITY","publisher":{"@id":"https:\/\/terresfestival.com\/es\/#organization"},"potentialAction":[{"@type":"SearchAction","target":{"@type":"EntryPoint","urlTemplate":"https:\/\/terresfestival.com\/es\/?s={search_term_string}"},"query-input":{"@type":"PropertyValueSpecification","valueRequired":true,"valueName":"search_term_string"}}],"inLanguage":"es"},{"@type":"Organization","@id":"https:\/\/terresfestival.com\/es\/#organization","name":"Terres Festival","url":"https:\/\/terresfestival.com\/es\/","logo":{"@type":"ImageObject","inLanguage":"es","@id":"https:\/\/terresfestival.com\/es\/#\/schema\/logo\/image\/","url":"https:\/\/terresfestival.com\/wp-content\/uploads\/sites\/3\/2019\/04\/Logo_Terres.png","contentUrl":"https:\/\/terresfestival.com\/wp-content\/uploads\/sites\/3\/2019\/04\/Logo_Terres.png","width":1157,"height":542,"caption":"Terres Festival"},"image":{"@id":"https:\/\/terresfestival.com\/es\/#\/schema\/logo\/image\/"}}]}},"_links":{"self":[{"href":"https:\/\/terresfestival.com\/es\/wp-json\/wp\/v2\/mec-events\/7882","targetHints":{"allow":["GET"]}}],"collection":[{"href":"https:\/\/terresfestival.com\/es\/wp-json\/wp\/v2\/mec-events"}],"about":[{"href":"https:\/\/terresfestival.com\/es\/wp-json\/wp\/v2\/types\/mec-events"}],"author":[{"embeddable":true,"href":"https:\/\/terresfestival.com\/es\/wp-json\/wp\/v2\/users\/2"}],"replies":[{"embeddable":true,"href":"https:\/\/terresfestival.com\/es\/wp-json\/wp\/v2\/comments?post=7882"}],"wp:featuredmedia":[{"embeddable":true,"href":"https:\/\/terresfestival.com\/es\/wp-json\/wp\/v2\/media\/7804"}],"wp:attachment":[{"href":"https:\/\/terresfestival.com\/es\/wp-json\/wp\/v2\/media?parent=7882"}],"wp:term":[{"taxonomy":"post_tag","embeddable":true,"href":"https:\/\/terresfestival.com\/es\/wp-json\/wp\/v2\/tags?post=7882"},{"taxonomy":"mec_category","embeddable":true,"href":"https:\/\/terresfestival.com\/es\/wp-json\/wp\/v2\/mec_category?post=7882"}],"curies":[{"name":"wp","href":"https:\/\/api.w.org\/{rel}","templated":true}]}}

Proyección Documental · Aventuras, Rutas y Expediciones «EVEREST 1985: The First Catalans to Reach the Summit»

<p data-start="1531" data-end="1617"><strong data-start="823" data-end="887">«EVEREST 1985: The First Catalans to Reach the Summit» (35’)</strong> es el documental finalista de la <strong data-start="921" data-end="978">Competición Oficial · Aventuras, Rutas y Expediciones</strong> que recupera la historia de los primeros alpinistas catalanes que alcanzaron la cima del Everest en <strong data-start="1079" data-end="1087">1985</strong>. Cuarenta años después, los protagonistas de aquella expedición se reúnen para recordar aquella aventura, compartir las experiencias vividas y revivir la pasión por la montaña que todavía les une. Una historia de <strong data-start="1301" data-end="1338">aventura, perseverancia y amistad</strong> que pone en valor el legado de aquella hazaña para las generaciones posteriores de alpinistas.</p>
<p data-start="1950" data-end="2268">Dirigido por <strong data-start="1963" data-end="1982">Joel Badia Vila</strong>, el documental recupera este hito histórico desde una mirada especialmente humana. Más allá del logro deportivo, la película pone el foco en <strong data-start="2124" data-end="2195">la amistad, la perseverancia, el respeto y la pasión por la montaña</strong> como elementos esenciales para afrontar una expedición de esta magnitud.</p>
<p data-start="2270" data-end="2628">El film también permite comprender el desafío que suponía escalar el Everest hace cuatro décadas, con los medios y recursos disponibles en aquel momento, y acercarnos a la ética y los valores de sus protagonistas. Una historia sobre una generación de alpinistas, pero también sobre el <strong data-start="2555" data-end="2627">legado que aquella expedición dejó para las generaciones posteriores</strong>.</p>
<p data-start="2630" data-end="2661"><strong data-start="2630" data-end="2644">Dirección:</strong> Joel Badia Vila.</p>
<p data-start="2663" data-end="2686"><strong data-start="2663" data-end="2686">Actividad gratuita.</strong></p>

<p>«EVEREST 1985: The First Catalans to Reach the Summit» (35’) es el documental finalista de la Competición Oficial · Aventuras, Rutas y Expediciones que recupera la historia de los primeros alpinistas catalanes que alcanzaron la cima del Everest en 1985. Cuarenta años después, los protagonistas de aquella expedición se reúnen para recordar aquella aventura, compartir [&#8230;]

<!-- This site is optimized with the Yoast SEO plugin v27.0 - https://yoast.com/product/yoast-seo-wordpress/ -->
<title>Proyección Documental · Aventuras, Rutas y Expediciones «EVEREST 1985: The First Catalans to Reach the Summit» | Terres Festival</title>
<meta name="robots" content="index, follow, max-snippet:-1, max-image-preview:large, max-video-preview:-1" />
<link rel="canonical" href="https://terresfestival.com/es/events/adictas-a-ibiza-129-632-554-661/" />
<meta property="og:locale" content="es_ES" />
<meta property="og:type" content="article" />
<meta property="og:title" content="Proyección Documental · Aventuras, Rutas y Expediciones «EVEREST 1985: The First Catalans to Reach the Summit» | Terres Festival" />
<meta property="og:description" content="«EVEREST 1985: The First Catalans to Reach the Summit» (35’) es el documental finalista de la Competición Oficial · Aventuras, Rutas y Expediciones que recupera la historia de los primeros alpinistas catalanes que alcanzaron la cima del Everest en 1985. Cuarenta años después, los protagonistas de aquella expedición se reúnen para recordar aquella aventura, compartir [...]" />
<meta property="og:url" content="https://terresfestival.com/es/events/adictas-a-ibiza-129-632-554-661/" />
<meta property="og:site_name" content="Terres Festival" />
<meta property="article:modified_time" content="2026-08-17T09:22:34+00:00" />
<meta property="og:image" content="https://terresfestival.com/wp-content/uploads/sites/3/2026/08/20260915_1_Documental_1.jpg" />
	<meta property="og:image:width" content="960" />
	<meta property="og:image:height" content="1200" />
	<meta property="og:image:type" content="image/jpeg" />
<meta name="twitter:card" content="summary_large_image" />
<meta name="twitter:label1" content="Tiempo de lectura" />
	<meta name="twitter:data1" content="2 minutos" />
<script type="application/ld+json" class="yoast-schema-graph">{"@context":"https://schema.org","@graph":[{"@type":"WebPage","@id":"https://terresfestival.com/es/events/adictas-a-ibiza-129-632-554-661/","url":"https://terresfestival.com/es/events/adictas-a-ibiza-129-632-554-661/","name":"Proyección Documental · Aventuras, Rutas y Expediciones «EVEREST 1985: The First Catalans to Reach the Summit» | Terres Festival","isPartOf":{"@id":"https://terresfestival.com/es/#website"},"primaryImageOfPage":{"@id":"https://terresfestival.com/es/events/adictas-a-ibiza-129-632-554-661/#primaryimage"},"image":{"@id":"https://terresfestival.com/events/adictas-a-ibiza-129-632-554-661/#primaryimage"},"thumbnailUrl":"https://terresfestival.com/wp-content/uploads/sites/3/2026/08/20260915_1_Documental_1.jpg","datePublished":"2026-08-14T09:44:45+00:00","dateModified":"2026-08-17T09:22:34+00:00","breadcrumb":{"@id":"https://terresfestival.com/es/events/adictas-a-ibiza-129-632-554-661/#breadcrumb"},"inLanguage":"es","potentialAction":[{"@type":"ReadAction","target":[["https://terresfestival.com/es/events/adictas-a-ibiza-129-632-554-661/"]]}]},{"@type":"ImageObject","inLanguage":"es","@id":"https://terresfestival.com/es/events/adictas-a-ibiza-129-632-554-661/#primaryimage","url":"https://terresfestival.com/wp-content/uploads/sites/3/2026/08/20260915_1_Documental_1.jpg","contentUrl":"https://terresfestival.com/wp-content/uploads/sites/3/2026/08/20260915_1_Documental_1.jpg","width":960,"height":1200},{"@type":"BreadcrumbList","@id":"https://terresfestival.com/es/events/adictas-a-ibiza-129-632-554-661/#breadcrumb","itemListElement":[{"@type":"ListItem","position":1,"name":"Portada","item":"https://terresfestival.com/es/"},{"@type":"ListItem","position":2,"name":"Events","item":"https://terresfestival.com/es/events/"},{"@type":"ListItem","position":3,"name":"Projecció documental Aventures, Rutes i Expeditions «EVEREST 1985: The First Catalans to Reach the Summit»"}]},{"@type":"WebSite","@id":"https://terresfestival.com/es/#website","url":"https://terresfestival.com/es/","name":"Terres Festival","description":"TERRES TRAVEL FESTIVAL - FILMS &amp; CREATIVITY","publisher":{"@id":"https://terresfestival.com/es/#organization"},"potentialAction":[{"@type":"SearchAction","target":{"@type":"EntryPoint","urlTemplate":"https://terresfestival.com/es/?s={search_term_string}"},"query-input":{"@type":"PropertyValueSpecification","valueRequired":true,"valueName":"search_term_string"}}],"inLanguage":"es"},{"@type":"Organization","@id":"https://terresfestival.com/es/#organization","name":"Terres Festival","url":"https://terresfestival.com/es/","logo":{"@type":"ImageObject","inLanguage":"es","@id":"https://terresfestival.com/es/#/schema/logo/image/","url":"https://terresfestival.com/wp-content/uploads/sites/3/2019/04/Logo_Terres.png","contentUrl":"https://terresfestival.com/wp-content/uploads/sites/3/2019/04/Logo_Terres.png","width":1157,"height":542,"caption":"Terres Festival"},"image":{"@id":"https://terresfestival.com/es/#/schema/logo/image/"}}]}</script>
<!-- / Yoast SEO plugin. -->

Proyección Documental · Aventuras, Rutas y Expediciones «EVEREST 1985: The First Catalans to Reach the Summit» | Terres Festival

«EVEREST 1985: The First Catalans to Reach the Summit» (35’) es el documental finalista de la Competición Oficial · Aventuras, Rutas y Expediciones que recupera la historia de los primeros alpinistas catalanes que alcanzaron la cima del Everest en 1985. Cuarenta años después, los protagonistas de aquella expedición se reúnen para recordar aquella aventura, compartir [...]

Projecció documental Aventures, Rutes i Expeditions «EVEREST 1985: The First Catalans to Reach the Summit»
